 are the prime factors of z?
2, 5
Suppose -4*y + 22 = 4*c + y, -c + 16 = -4*y. Let z(i) = 31*i - 20. Let n be z(c). Let x = 436 - n. What are the prime factors of x?
2, 13
List the prime factors of (-6)/14*-1 - ((-476963)/203 + 17).
2333
Let a(u) be the first derivative of u**4/4 - 5*u**3/3 + 6*u**2 - 3*u + 37. List the prime factors of a(7).
179
Let m be 8*(3/14)/(140/(-490)) + 44. Let x = -25 + 176. Let o = x + m. List the prime factors of o.
3, 7
Suppose -9*s - 4613 = -2*s. Let j = s - -1453. List the prime factors of j.
2, 397
Suppose -s = 3*d - 2*s - 27, -d + 4*s - 2 = 0. Let z(j) = 6*j - 28. List the prime factors of z(d).
2
Suppose 0 = -3*k - 4*z, 22 = 4*k - 4*z - 6. Suppose 0 = g - 2*y - 57, -53 = -g - y + k*y. Suppose 3*c - 449 = -g. List the prime factors of c.
2
Let w = 118 - 69. Let h = -47 + w. Suppose -h*s - 4*s + 342 = 0. List the prime factors of s.
3, 19
Let d = -275 + 492. Let n = 529 - d. What are the prime factors of n?
2, 3, 13
Suppose -9*a = -51 - 3. Suppose -6393 = -5*x + 3*n, 6385 = a*x - x - 5*n. List the prime factors of x.
3, 7, 61
Suppose -5*c + 35069 = 2*n, 70131 = 4*n + 17*c - 14*c. What are the prime factors of n?
2, 3, 487
Let x = -176 + 796. What are the prime factors of (36/(-20))/((-3)/x)?
2, 3, 31
Let z be -46*(-2 + (-12)/(-8)). Suppose -24*o + 529 = -z*o. List the prime factors of o.
23
Let p be 369/45*33*10/2. Suppose 3*y - p + 345 = 0. List the prime factors of y.
2, 3, 7
Suppose c + c = -114. Let m be (114 - -18)*(-3)/4. Let x = c - m. List the prime factors of x.
2, 3, 7
Suppose 0 = -4*c + 5*c - 5. Let t(v) = -v**2 + 7 + 3*v**2 + c*v**2 + 5*v**2 - 2*v. List the prime factors of t(4).
191
Suppose -7 - 5 = -4*c - 4*p, 3*c - 9 = 3*p. Suppose -c*m + 357 = 3*q, 3*m = 4*m - 2*q - 116. List the prime factors of m.
2, 59
What are the prime factors of (-25182)/(44/24 + 60/(-18))?
2, 3, 1399
Let v(j) = -3*j**3 - 41*j**2 - j + 4. Let w(r) = -r**3 - 14*r**2 + 1. Let y(f) = -3*v(f) + 8*w(f). List the prime factors of y(4).
2, 31
Suppose 5652 - 65653 = -29*k. List the prime factors of k.
2069
Let p(n) = -n**3 + 6*n**2 + 7*n - 5. Let s be p(7). Let o(l) = l**3 - 15*l**2 + 2*l - 13. Let z be o(15). Let u = s + z. What are the prime factors of u?
2, 3
Suppose 88942 = -25*o - 22567 + 619134. List the prime factors of o.
5, 31, 131
Suppose -49*u = -277*u + 2397657 + 97803. List the prime factors of u.
5, 11, 199
Let n = 40637 + -25394. List the prime factors of n.
3, 5081
Let q = 1995 + -1382. Suppose -y = 0, -2717 = -2*i - 3*y + q. What are the prime factors of i?
3, 5, 37
Suppose 1995 = 12*i - 7*i. Suppose -p + 3*p = -3*j + i, -2*p + j = -411. Suppose -2*x = 2*x - p. List the prime factors of x.
3, 17
Suppose -356*v - 521763 = -372*v + 91613. What are the prime factors of v?
2, 599
Suppose -4*w + 49 = 1. Let t be 0 - 3*(-416)/w. List the prime factors of t*(-3 + (3 - -1)).
2, 13
Let i(z) = 89*z**2 - 46*z - 191. List the prime factors of i(-5).
2, 283
Let b = 43 + -51. Let f(i) be the second derivative of 5*i**4/12 + 19*i**3/6 + 7*i**2 + i. What are the prime factors of f(b)?
2, 7, 13
Let g = -74 - -79. Suppose -49 - 434 = -g*v + 3*w, -2*w + 107 = v. What are the prime factors of v?
3, 11
Let b(k) = -116*k - 5. Let m be b(-1). Suppose -5*s = 99 + 401. Let u = s + m. List the prime factors of u.
11
Let t = -292 + 28. Let q = t + 562. What are the prime factors of q?
2, 149
Suppose -2*v = -5*v. Let x = 137 - -126. Suppose -2*b + x + 67 = v. List the prime factors of b.
3, 5, 11
Suppose 4*l + 2*y + 1 = 11, 4*l = 3*y + 5. Suppose -q = l*o - 308, -4*q + 1947 = -2*o + 755. What are the prime factors of q?
2, 3, 5
Suppose -213*o + 3592995 = 104*o - 32*o. List the prime factors of o.
7, 1801
Suppose 11*o = 195238 + 143562. List the prime factors of o.
2, 5, 7, 11
Suppose o = s + 5, 2*o + 8 = 6*o + 2*s. Suppose 5*f - 4*m = 98, -5*f + 2*f + o*m + 60 = 0. Suppose -14*t - 192 = -f*t. List the prime factors of t.
2, 3
Let q(a) = 67*a - 6. Let c(f) = 68*f - 7. Let n(m) = 4*c(m) - 5*q(m). Let d be n(-5). Suppose 4*x - 459 = d. What are the prime factors of x?
2, 97
Let f(g) = -3*g**3 - 3*g**2 - 2*g + 1. Let v = -43 - -41. Let m be f(v). Suppose -633 = -7*h - m. What are the prime factors of h?
2, 11
Let f(l) = -5*l**3 + 3*l**2 + 8*l + 5. Let v be f(4). Let g = 433 + v. What are the prime factors of g?
2, 3, 11
Let n = -72 - -96. Let j(i) = -43*i**2 + n*i**2 + 15*i + 20*i**2 - 27. List the prime factors of j(-20).
73
Suppose -31*k = -134*k + 1407186. What are the prime factors of k?
2, 3, 11, 23
Suppose -2*c = 5*z - 13, 0 = -3*c - 3*z + 7*z + 8. Suppose -4*g = -4*q + 1744, 5*q - c*g = 2*q + 1303. List the prime factors of q.
3, 7
Let z = -35 - -35. Let c(w) = -6*w - 54. Let l be c(-9). Suppose -m + 18 = 4*h, z*m - 4*m + 4*h + 172 = l. What are the prime factors of m?
2, 19
Let x = 300 - 532. Let z = 623 + x. List the prime factors of z.
17, 23
Let p be 3*4/12*14. Let j be p*4/(-32)*-4. Suppose -j*q + 259 = -336. List the prime factors of q.
5, 17
Suppose 5*g - 2698 - 1217 = 0. Suppose 15*x = 12*x + g. What are the prime factors of x?
3, 29
Suppose 10 = -7*y + 12*y. Let u(x) = 25*x**y - 13*x**2 - 10*x**2 - 5 + 3*x - 2. What are the prime factors of u(-8)?
97
Let x(s) = -59 - 10*s - 94 - 16*s + 16*s. What are the prime factors of x(-29)?
137
Suppose -3*a = t - 313, 5*t + 8*a = 9*a + 1629. Suppose -162*o = -167*o + t. What are the prime factors of o?
5, 13
Suppose -17*v - 13*v + 2839596 = 783036. List the prime factors of v.
2, 11, 19, 41
Let b be 12/(-28) + 102425/35. Suppose 12*o - 2726 = b. What are the prime factors of o?
3, 157
Let i = 149 + -147. Suppose -i*l = -0*l - 534. List the prime factors of l.
3, 89
Let l(s) be the first derivative of -7*s**4/6 - s**3 - 9*s**2/2 - 18. Let a(d) be the second derivative of l(d). What are the prime factors of a(-4)?
2, 53
Let q = 2329 - -5117. Suppose 5*t + 2968 = 7*t + 4*a, -5*t + 3*a + q = 0. List the prime factors of t.
2, 3, 31
Suppose -3*z - 694 = -5*z. Let g = z - 155. What are the prime factors of g?
2, 3
Let v(b) = 15*b + 1. Let m be v(-3). What are the prime factors of (-308)/m*(-2 - 69/(-1))?
7, 67
Let x = 80969 + -25181. List the prime factors of x.
2, 3, 4649
What are the prime factors of (5 - 0 - (2 - 5886/8))*4?
3, 5, 197
Let k(f) = -1034*f - 54. Let g be k(-31). What are the prime factors of g/48 + (-1)/(-3)?
23, 29
Let k(a) = -140*a + 73949. List the prime factors of k(0).
73, 1013
Let h = 10 + -8. Let x(y) = -5*y - 14*y + 9 + 7*y - y**h. What are the prime factors of x(-7)?
2, 11
Suppose 2*k + 105 = 17*k. What are the prime factors of 64 + -5 + (k - 2)?
2
Let h(s) = 53*s**2 + 25*s + 3. List the prime factors of h(18).
3, 5, 47
Suppose 4*l - 5*n + 18 = 6*l, 0 = 4*l + 2*n - 36. List the prime factors of 6*(-4)/16*(-348)/l.
2, 29
Suppose 24*l + 14*l = 465193 + 44615. What are the prime factors of l?
2, 3, 13, 43
Suppose 79*b - 63*b - 80 = 0. Suppose -4*s - b*i = -5335, 6*i + 3987 = 3*s + 5*i. List the prime factors of s.
2, 5, 7, 19
Suppose 0 = -39*y + 52*y - 709 - 8118. List the prime factors of y.
7, 97
Let y(n) be the third derivative of -7*n**6/120 - n**5/10 + 17*n**4/24 + 49*n**3/6 - 13*n**2 - 6*n. List the prime factors of y(-6).
11, 113
Suppose 16*g + 6 = 18*g. Let z(u) = -2*u**2 + 9*u - 8. Let s be z(g). What are the prime factors of (s - -3 - 2) + 129?
131
Let u(j) = -24*j - 7. Let a = 11 + -28. What are the prime factors of u(a)?
401
Suppose 3*a - 15*a = -53430 - 102882. What are the prime factors of a?
2, 3, 13, 167
Let d = -1068 - -8962. What are the prime factors of d?
2, 3947
Suppose 54*u - 641577 = 14361. What are the prime factors of u?
3, 4049
Let q be 6/(-51) + 32956/1819. Let c be 4 + 0 + (-2 - -3). Suppose 0 = c*y + q - 468. What are the prime factors of y?
2, 3, 5
Let x(k) = -k**2 + 20*k + 19. Let u be (2 + (-15)/4)*(3 - 15). Let n(m) = -2*m + 56. Let v be n(u). List the prime factors of x(v).
103
Let c(i) = -2*i + 27. Let x be c(11). Suppose 31 = z + 3*r, x*r + 56 = -0*z + 4*z. Suppose -29 - z = -j. What are the prime factors of j?
2, 3
Let r = -6477 - -12952. Suppose -3*b = -3*l + 3885, 0 = -l + 6*l - 2*b - r. List the prime factors of l.
5, 7, 37
Let j(n) = -n**3 - 2*n - 12 + 10*n - 20 + 37 + 2*n**2. Let b be j(4). Suppose 4*w = 5*r + 110, b*w = -r - 0*